564189?
9
What is the thousands digit of 527599?
7
What is the units digit of 86395?
5
What is the hundreds digit of 7476048?
0
What is the tens digit of 212871?
7
What is the units digit of 6294901?
1
What is the units digit of 33915?
5
What is the units digit of 21311976?
6
What is the tens digit of 12609?
0
What is the thousands digit of 27085?
7
What is the tens digit of 257135?
3
What is the ten thousands digit of 271517?
7
What is the ten thousands digit of 23642662?
4
What is the units digit of 577487?
7
What is the tens digit of 251806?
0
What is the tens digit of 929676?
7
What is the hundred thousands digit of 612801?
6
What is the millions digit of 17594410?
7
What is the hundred thousands digit of 936233?
9
What is the hundreds digit of 167055?
0
What is the tens digit of 296541?
4
What is the thousands digit of 2216252?
6
What is the ten thousands digit of 10129013?
2
What is the ten thousands digit of 17917947?
1
What is the units digit of 10129897?
7
What is the tens digit of 1022782?
8
What is the hundred thousands digit of 296242?
2
What is the units digit of 232524?
4
What is the hundreds digit of 7895023?
0
What is the thousands digit of 4377627?
7
What is the hundreds digit of 2054688?
6
What is the thousands digit of 1853613?
3
What is the millions digit of 1223429?
1
What is the tens digit of 703516?
1
What is the units digit of 265342?
2
What is the thousands digit of 862504?
2
What is the units digit of 30490790?
0
What is the hundreds digit of 3916817?
8
What is the millions digit of 7221329?
7
What is the hundreds digit of 22159?
1
What is the units digit of 29423195?
5
What is the units digit of 4804653?
3
What is the hundred thousands digit of 266986?
2
What is the units digit of 7693?
3
What is the thousands digit of 197615?
7
What is the units digit of 6403462?
2
What is the tens digit of 3178235?
3
What is the thousands digit of 5908125?
8
What is the hundreds digit of 631958?
9
What is the ten millions digit of 15446472?
1
What is the hundred thousands digit of 2157287?
1
What is the tens digit of 546370?
7
What is the ten thousands digit of 263699?
6
What is the thousands digit of 472266?
2
What is the millions digit of 1989814?
1
What is the ten thousands digit of 119631?
1
What is the hundreds digit of 151094?
0
What is the hundred thousands digit of 205086?
2
What is the ten millions digit of 37329654?
3
What is the ten thousands digit of 2498949?
9
What is the hundred thousands digit of 31518004?
5
What is the ten thousands digit of 351664?
5
What is the hundred thousands digit of 435186?
4
What is the millions digit of 1680205?
1
What is the thousands digit of 28151300?
1
What is the millions digit of 1694847?
1
What is the ten thousands digit of 1684532?
8
What is the hundreds digit of 101002?
0
What is the tens digit of 1333804?
0
What is the hundred thousands digit of 3873779?
8
What is the tens digit of 2963089?
8
What is the units digit of 2199?
9
What is the thousands digit of 3301890?
1
What is the hundreds digit of 650990?
9
What is the hundred thousands digit of 40800656?
8
What is the millions digit of 1697965?
1
What is the thousands digit of 1719786?
9
What is the hundred thousands digit of 660587?
6
What is the units digit of 24356779?
9
What is the tens digit of 1447265?
6
What is the thousands digit of 2099932?
9
What is the ten thousands digit of 9263384?
6
What is the units digit of 42360961?
1
What is the hundred thousands digit of 1326883?
3
What is the ten thousands digit of 11858987?
5
What is the hundred thousands digit of 2693686?
6
What is the thousands digit of 11663885?
3
What is the tens digit of 1442245?
4
What is the hundreds digit of 8406387?
3
What is the tens digit of 593117?
1
What is the ten thousands digit of 156370?
5
What is the hundred thousands digit of 1233231?
2
What is the hundreds digit of 1066073?
0
What is the ten thousands digit of 14759706?
5
What is the units digit of 221616?
6
What is the tens digit of 1755160?
6
What is the thousands digit of 21402529?
2
What is the tens digit of 204939?
3
What is the hundreds digit of 1386031?
0
What is the hundreds digit of 1987170?
1
What is the tens digit of 592855?
5
What is the units digit of 65616?
6
What is the ten thousands digit of 758167?
5
What is the hundreds digit of 1487164?
1
What is the millions digit of 2354644?
2
What is the hundred thousands digit of 338476?
3
What is the millions digit of 3581495?
3
What is the tens digit of 181879?
7
What is the thousands digit of 4534643?
4
What is the ten thousands digit of 422932?
2
What is the tens digit of 363697?
9
What is the units digit of 211453?
3
What is the units digit of 3241766?
6
What is the millions digit of 5217559?
5
What is the hundreds digit of 518379?
3
What is the hundreds digit of 2065870?
8
What is the hundred thousands digit of 199222?
1
What is the units digit of 1180880?
0
What is the hundred thousands digit of 3066255?
0
What is the tens digit of 66504?
0
What is the hundred thousands digit of 3728068?
7
What is the millions digit of 24116721?
4
What is the ten thousands digit of 32526?
3
What is the hundreds digit of 52110?
1
What is the hundred thousands digit of 2422588?
4
What is the hundred thousands digit of 1186583?
1
What is the units digit of 782977?
7
What is the millions digit of 22528035?
2
What is the tens digit of 173480?
8
What is the hundred thousands digit of 430050?
4
What is the ten thousands digit of 54331?
5
What is the units digit of 89391?
1
What is the units digit of 7170636?
6
What is the hundred thousands digit of 1384747?
3
What is the ten thousands digit of 250544?
5
What is the millions digit of 5129998?
5
What is the ten thousands digit of 239430?
3
What is the tens digit of 1656418?
1
What is the units digit of 1277214?
4
What is the tens digit of 414605?
0
What is the tens digit of 220910?
1
What is the hundreds digit of 1121826?
8
What is the hundreds digit of 1998675?
6
What is the hundred thousands digit of 3525277?
5
What is the units digit of 14287235?
5
What is the tens digit of 134891?
9
What is the units digit of 20480884?
4
What is the thousands digit of 280705?
0
What is the units digit of 827213?
3
What is the hundreds digit of 314222?
2
What is the tens digit of 19593235?
3
What is the units digit of 4498349?
9
What is the units digit of 242336?
6
What is the units digit of 230927?
7
What is the millions digit of 12970768?
2
What is the thousands digit of 1707391?
7
What is the hundred thousands digit of 793797?
7
What is the ten millions digit of 14022093?
1
What is the units digit of 35301?
1
What is the hundreds digit of 575387?
3
What is the units digit of 501092?
2
What is the ten thousands digit of 1082983?
8
What is the tens digit of 1013655?
5
What is the thousands digit of 145475?
5
What is the thousands digit of 721051?
1
What is the hundreds digit of 70089?
0
What is the units digit of 75698?
8
What is the ten thousands digit of 41749?
4
What is the ten thousands digit of 20652694?
5
What is the hundreds digit of 375602?
6
What is the thousands digit of 2574502?
4
What is the hundred thousands digit of 14627598?
6
What is the hundred thousands digit of 3496732?
4
What is the hundreds digit of 20260215?
2
What is the tens digit of 149261?
6
What is the units digit of 508694?
4
What is the thousands digit of 125017?
5
What is the ten thousands digit of 14959829?
5
What is the ten thousands digit of 4619480?
1
What is the units digit of 225889?
9
What is the hundred thousands digit of 566107?
5
What is the tens digit of 15464?
6
What is the units digit of 903212?
2
What is the hundreds digit of 415476?
4
What is the millions digit of 7990420?
7
What is the ten thousands digit of 67187?
6
What is the millions digit of 10285426?
0
What is the thousands digit of 671127?
1
What is the ten thousands digit of 831999?
3
What is the ten thousands digit of 550473?
5
What is the thousands digit of 260136?
0
What is the hundred thousands digit of 1784906?
7
What is the units digit of 4787001?
1
What is the ten thousands digit of 744834?
4
What is the tens digit of 209530?
3
What is the ten millions digit of 24655517?
2
What is the ten thousands digit of 8955002?
5
What is the thousands digit of 4